{"id":31008,"date":"2023-11-07T11:53:36","date_gmt":"2023-11-07T10:53:36","guid":{"rendered":"https:\/\/reservas.amareturismonautico.com\/compromiso-proteccion-datos-personales\/"},"modified":"2025-04-23T11:52:24","modified_gmt":"2025-04-23T09:52:24","slug":"engagement-schutz-daten-persoenlich","status":"publish","type":"page","link":"https:\/\/reservas.amareturismonautico.com\/de\/engagement-schutz-daten-persoenlich\/","title":{"rendered":"Verpflichtung zum Schutz personenbezogener Daten"},"content":{"rendered":"\t\t<div data-elementor-type=\"wp-page\" data-elementor-id=\"31008\" class=\"elementor elementor-31008 elementor-5392\" data-elementor-post-type=\"page\">\n\t\t\t\t\t\t<section class=\"elementor-section elementor-top-section elementor-element elementor-element-c22ef1b elementor-section-boxed elementor-section-height-default elementor-section-height-default\" data-id=\"c22ef1b\" data-element_type=\"section\" data-e-type=\"section\">\n\t\t\t\t\t\t<div class=\"elementor-container elementor-column-gap-default\">\n\t\t\t\t\t<div class=\"elementor-column elementor-col-100 elementor-top-column elementor-element elementor-element-648197c\" data-id=\"648197c\" data-element_type=\"column\" data-e-type=\"column\">\n\t\t\t<div class=\"elementor-widget-wrap elementor-element-populated\">\n\t\t\t\t\t\t<div class=\"elementor-element elementor-element-f1db540 elementor-widget elementor-widget-text-editor\" data-id=\"f1db540\" data-element_type=\"widget\" data-e-type=\"widget\" data-widget_type=\"text-editor.default\">\n\t\t\t\t<div class=\"elementor-widget-container\">\n\t\t\t\t\t\t\t\t\t<p style=\"text-align: center;\"><strong><u>UNSER ENGAGEMENT ZUM SCHUTZ PERSONENBEZOGENER DATEN: \u201eINFORMIERTE MENSCHEN UND GESCH\u00dcTZTE DATEN\u201c<\/u><\/strong><\/p>\nDie Gesch\u00e4ftsf\u00fchrung\/das Leitungsorgan von <strong>AMARE TURISMO NAUTICO SL<\/strong> (nachfolgend \u201eVerantwortlicher\u201c) \u00fcbernimmt die maximale Verantwortung und Verpflichtung f\u00fcr die Erstellung, Umsetzung und Aufrechterhaltung dieser Datenschutzrichtlinie und gew\u00e4hrleistet die kontinuierliche Verbesserung des Verantwortlichen mit dem Ziel, Spitzenleistungen in Bezug auf die Einhaltung der Verordnung (EU) 2016\/679 des Europ\u00e4ischen Parlaments und des Rates vom 27. April 2016 zum Schutz nat\u00fcrlicher Personen bei der Verarbeitung personenbezogener Daten, zum freien Datenverkehr und zur Aufhebung der Richtlinie 95\/46\/EG (Datenschutz-Grundverordnung) (ABl. EU L 119\/1 vom 04.05.2016) sowie der spanischen Vorschriften zum Schutz personenbezogener Daten (Organgesetz, spezifische sektorale Gesetzgebung und deren Durchf\u00fchrungsverordnungen) zu erreichen.\n\nDie Datenschutzrichtlinie von <strong>AMARE TURISMO NAUTICO SL<\/strong> basiert auf dem <u>Prinzip der proaktiven Verantwortung<\/u>, wonach der f\u00fcr die Datenverarbeitung Verantwortliche f\u00fcr die Einhaltung des f\u00fcr diese Richtlinie geltenden regulatorischen und rechtlichen Rahmens verantwortlich ist und dies den zust\u00e4ndigen Aufsichtsbeh\u00f6rden nachweisen kann.\n\nIn dieser Hinsicht unterliegt der Verantwortliche den folgenden Grunds\u00e4tzen, die allen seinen Mitarbeitern bei der Verarbeitung personenbezogener Daten als Leitfaden und Orientierungsrahmen dienen:\n<ol>\n \t<li><u>Datenschutz durch Technikgestaltung:<\/u> Der Verantwortliche muss sowohl bei der Festlegung der Mittel zur Verarbeitung als auch zum Zeitpunkt der Verarbeitung selbst geeignete technische und organisatorische Ma\u00dfnahmen, wie beispielsweise Pseudonymisierung, ergreifen, um Datenschutzgrunds\u00e4tze wie Datenminimierung wirksam umzusetzen und die notwendigen Sicherheitsvorkehrungen in die Verarbeitung zu integrieren.<\/li>\n<\/ol>\n<ol start=\"2\">\n \t<li><u>Datenschutz durch datenschutzfreundliche Voreinstellungen:<\/u> Der Verantwortliche setzt geeignete technische und organisatorische Ma\u00dfnahmen um, um sicherzustellen, dass durch Voreinstellungen nur personenbezogene Daten verarbeitet werden, die f\u00fcr den jeweiligen bestimmten Verarbeitungszweck erforderlich sind.<\/li>\n<\/ol>\n<ol start=\"3\">\n \t<li><u>Datenschutz w\u00e4hrend des gesamten Informationslebenszyklus:<\/u> Ma\u00dfnahmen, die den Schutz personenbezogener Daten gew\u00e4hrleisten, gelten w\u00e4hrend des gesamten Informationslebenszyklus.<\/li>\n<\/ol>\n<ol start=\"4\">\n \t<li><u>Rechtm\u00e4\u00dfigkeit, Fairness und Transparenz:<\/u> Personenbezogene Daten werden gegen\u00fcber der betroffenen Person rechtm\u00e4\u00dfig, fair und transparent verarbeitet.<\/li>\n<\/ol>\n<ol start=\"5\">\n \t<li><u>Zweckbindung:<\/u> Personenbezogene Daten werden f\u00fcr bestimmte, eindeutige und legitime Zwecke erhoben und nicht in einer mit diesen Zwecken nicht zu vereinbarenden Weise weiterverarbeitet.<\/li>\n<\/ol>\n<ol start=\"6\">\n \t<li><u>Datenminimierung:<\/u> Personenbezogene Daten m\u00fcssen angemessen, relevant und auf das f\u00fcr die Zwecke ihrer Verarbeitung erforderliche Ma\u00df beschr\u00e4nkt sein.<\/li>\n<\/ol>\n<ol start=\"7\">\n \t<li><u>Genauigkeit:<\/u> Personenbezogene Daten sind genau und werden bei Bedarf aktualisiert. Es werden alle angemessenen Schritte unternommen, um sicherzustellen, dass personenbezogene Daten, die im Hinblick auf die Zwecke, f\u00fcr die sie verarbeitet werden, unrichtig sind, unverz\u00fcglich gel\u00f6scht oder berichtigt werden.<\/li>\n<\/ol>\n<ol start=\"8\">\n \t<li><u>Beschr\u00e4nkung der Aufbewahrungsfrist:<\/u> Personenbezogene Daten werden in einer Weise gespeichert, die eine Identifizierung der betroffenen Personen nur so lange erm\u00f6glicht, wie es f\u00fcr die Zwecke der Verarbeitung der personenbezogenen Daten erforderlich ist.<\/li>\n<\/ol>\n<ol start=\"9\">\n \t<li><u>Integrit\u00e4t und Vertraulichkeit:<\/u> Personenbezogene Daten werden in einer Weise behandelt, die eine angemessene Sicherheit der personenbezogenen Daten gew\u00e4hrleistet, einschlie\u00dflich Schutz vor unbefugter oder unrechtm\u00e4\u00dfiger Verarbeitung und vor versehentlichem Verlust, Zerst\u00f6rung oder Besch\u00e4digung durch die Anwendung geeigneter technischer oder organisatorischer Ma\u00dfnahmen.<\/li>\n<\/ol>\n<ol start=\"10\">\n \t<li><u>Information und Schulung:<\/u> Einer der Schl\u00fcssel zum Schutz personenbezogener Daten ist die Schulung und Information des mit der Datenverarbeitung befassten Personals. W\u00e4hrend des gesamten Informationslebenszyklus werden alle Mitarbeiter mit Zugriff auf die Daten entsprechend geschult und \u00fcber ihre Pflichten hinsichtlich der Einhaltung der Datenschutzbestimmungen informiert.<\/li>\n<\/ol>\n<\/br>Die Datenschutzrichtlinie von <strong>AMARE TURISMO NAUTICO SL<\/strong> wird allen Mitarbeitern des f\u00fcr die Verarbeitung Verantwortlichen mitgeteilt und allen interessierten Parteien zur Verf\u00fcgung gestellt.\n\nFolglich gilt diese Datenschutzrichtlinie f\u00fcr das gesamte Personal des f\u00fcr die Verarbeitung Verantwortlichen. Dieses muss sie kennen und einhalten und sie als seine eigene betrachten. Jedes Mitglied ist daf\u00fcr verantwortlich, die f\u00fcr seine T\u00e4tigkeit geltenden Datenschutzbestimmungen anzuwenden und zu \u00fcberpr\u00fcfen sowie alle Verbesserungsm\u00f6glichkeiten zu ermitteln und bereitzustellen, die es f\u00fcr angemessen h\u00e4lt, um eine hervorragende Einhaltung der Vorschriften zu erreichen.\n\nDiese Richtlinie wird vom Management\/Verwaltungsorgan von <strong>AMARE TURISMO NAUTICO SL<\/strong> so oft wie n\u00f6tig \u00fcberpr\u00fcft, um sie jederzeit an die aktuellen Bestimmungen zum Schutz personenbezogener Daten anzupassen.\t\t\t\t\t\t\t\t<\/div>\n\t\t\t\t<\/div>\n\t\t\t\t\t<\/div>\n\t\t<\/div>\n\t\t\t\t\t<\/div>\n\t\t<\/section>\n\t\t\t\t<\/div>\n\t\t","protected":false},"excerpt":{"rendered":"<p>UNSER ENGAGEMENT ZUM SCHUTZ PERSONENBEZOGENER DATEN: \u201eINFORMIERTE MENSCHEN UND GESCH\u00dcTZTE DATEN\u201c Die Gesch\u00e4ftsf\u00fchrung\/das Leitungsorgan von AMARE TURISMO NAUTICO SL (nachfolgend \u201eVerantwortlicher\u201c) \u00fcbernimmt die maximale Verantwortung und Verpflichtung f\u00fcr die Erstellung, Umsetzung und Aufrechterhaltung dieser Datenschutzrichtlinie und gew\u00e4hrleistet die kontinuierliche Verbesserung des Verantwortlichen mit dem Ziel, Spitzenleistungen in Bezug auf die Einhaltung der Verordnung (EU) 2016\/679 [&hellip;]<\/p>\n","protected":false},"author":1,"featured_media":0,"parent":0,"menu_order":0,"comment_status":"closed","ping_status":"closed","template":"","meta":{"footnotes":""},"class_list":["post-31008","page","type-page","status-publish","hentry"],"_links":{"self":[{"href":"https:\/\/reservas.amareturismonautico.com\/de\/wp-json\/wp\/v2\/pages\/31008","targetHints":{"allow":["GET"]}}],"collection":[{"href":"https:\/\/reservas.amareturismonautico.com\/de\/wp-json\/wp\/v2\/pages"}],"about":[{"href":"https:\/\/reservas.amareturismonautico.com\/de\/wp-json\/wp\/v2\/types\/page"}],"author":[{"embeddable":true,"href":"https:\/\/reservas.amareturismonautico.com\/de\/wp-json\/wp\/v2\/users\/1"}],"replies":[{"embeddable":true,"href":"https:\/\/reservas.amareturismonautico.com\/de\/wp-json\/wp\/v2\/comments?post=31008"}],"version-history":[{"count":4,"href":"https:\/\/reservas.amareturismonautico.com\/de\/wp-json\/wp\/v2\/pages\/31008\/revisions"}],"predecessor-version":[{"id":31012,"href":"https:\/\/reservas.amareturismonautico.com\/de\/wp-json\/wp\/v2\/pages\/31008\/revisions\/31012"}],"wp:attachment":[{"href":"https:\/\/reservas.amareturismonautico.com\/de\/wp-json\/wp\/v2\/media?parent=31008"}],"curies":[{"name":"wp","href":"https:\/\/api.w.org\/{rel}","templated":true}]}}

<div data-elementor-type="wp-page" data-elementor-id="31008" class="elementor elementor-31008 elementor-5392" data-elementor-post-type="page">
						<section class="elementor-section elementor-top-section elementor-element elementor-element-c22ef1b elementor-section-boxed elementor-section-height-default elementor-section-height-default" data-id="c22ef1b" data-element_type="section" data-e-type="section">
						<div class="elementor-container elementor-column-gap-default">
					<div class="elementor-column elementor-col-100 elementor-top-column elementor-element elementor-element-648197c" data-id="648197c" data-element_type="column" data-e-type="column">
			<div class="elementor-widget-wrap elementor-element-populated">
						<div class="elementor-element elementor-element-f1db540 elementor-widget elementor-widget-text-editor" data-id="f1db540" data-element_type="widget" data-e-type="widget" data-widget_type="text-editor.default">
				<div class="elementor-widget-container">
									<p style="text-align: center;"><strong><u>UNSER ENGAGEMENT ZUM SCHUTZ PERSONENBEZOGENER DATEN: „INFORMIERTE MENSCHEN UND GESCHÜTZTE DATEN“</u></strong></p>
Die Geschäftsführung/das Leitungsorgan von <strong>AMARE TURISMO NAUTICO SL</strong> (nachfolgend „Verantwortlicher“) übernimmt die maximale Verantwortung und Verpflichtung für die Erstellung, Umsetzung und Aufrechterhaltung dieser Datenschutzrichtlinie und gewährleistet die kontinuierliche Verbesserung des Verantwortlichen mit dem Ziel, Spitzenleistungen in Bezug auf die Einhaltung der Verordnung (EU) 2016/679 des Europäischen Parlaments und des Rates vom 27. April 2016 zum Schutz natürlicher Personen bei der Verarbeitung personenbezogener Daten, zum freien Datenverkehr und zur Aufhebung der Richtlinie 95/46/EG (Datenschutz-Grundverordnung) (ABl. EU L 119/1 vom 04.05.2016) sowie der spanischen Vorschriften zum Schutz personenbezogener Daten (Organgesetz, spezifische sektorale Gesetzgebung und deren Durchführungsverordnungen) zu erreichen.

Die Datenschutzrichtlinie von <strong>AMARE TURISMO NAUTICO SL</strong> basiert auf dem <u>Prinzip der proaktiven Verantwortung</u>, wonach der für die Datenverarbeitung Verantwortliche für die Einhaltung des für diese Richtlinie geltenden regulatorischen und rechtlichen Rahmens verantwortlich ist und dies den zuständigen Aufsichtsbehörden nachweisen kann.

In dieser Hinsicht unterliegt der Verantwortliche den folgenden Grundsätzen, die allen seinen Mitarbeitern bei der Verarbeitung personenbezogener Daten als Leitfaden und Orientierungsrahmen dienen:
<ol>
 	<li><u>Datenschutz durch Technikgestaltung:</u> Der Verantwortliche muss sowohl bei der Festlegung der Mittel zur Verarbeitung als auch zum Zeitpunkt der Verarbeitung selbst geeignete technische und organisatorische Maßnahmen, wie beispielsweise Pseudonymisierung, ergreifen, um Datenschutzgrundsätze wie Datenminimierung wirksam umzusetzen und die notwendigen Sicherheitsvorkehrungen in die Verarbeitung zu integrieren.</li>
</ol>
<ol start="2">
 	<li><u>Datenschutz durch datenschutzfreundliche Voreinstellungen:</u> Der Verantwortliche setzt geeignete technische und organisatorische Maßnahmen um, um sicherzustellen, dass durch Voreinstellungen nur personenbezogene Daten verarbeitet werden, die für den jeweiligen bestimmten Verarbeitungszweck erforderlich sind.</li>
</ol>
<ol start="3">
 	<li><u>Datenschutz während des gesamten Informationslebenszyklus:</u> Maßnahmen, die den Schutz personenbezogener Daten gewährleisten, gelten während des gesamten Informationslebenszyklus.</li>
</ol>
<ol start="4">
 	<li><u>Rechtmäßigkeit, Fairness und Transparenz:</u> Personenbezogene Daten werden gegenüber der betroffenen Person rechtmäßig, fair und transparent verarbeitet.</li>
</ol>
<ol start="5">
 	<li><u>Zweckbindung:</u> Personenbezogene Daten werden für bestimmte, eindeutige und legitime Zwecke erhoben und nicht in einer mit diesen Zwecken nicht zu vereinbarenden Weise weiterverarbeitet.</li>
</ol>
<ol start="6">
 	<li><u>Datenminimierung:</u> Personenbezogene Daten müssen angemessen, relevant und auf das für die Zwecke ihrer Verarbeitung erforderliche Maß beschränkt sein.</li>
</ol>
<ol start="7">
 	<li><u>Genauigkeit:</u> Personenbezogene Daten sind genau und werden bei Bedarf aktualisiert. Es werden alle angemessenen Schritte unternommen, um sicherzustellen, dass personenbezogene Daten, die im Hinblick auf die Zwecke, für die sie verarbeitet werden, unrichtig sind, unverzüglich gelöscht oder berichtigt werden.</li>
</ol>
<ol start="8">
 	<li><u>Beschränkung der Aufbewahrungsfrist:</u> Personenbezogene Daten werden in einer Weise gespeichert, die eine Identifizierung der betroffenen Personen nur so lange ermöglicht, wie es für die Zwecke der Verarbeitung der personenbezogenen Daten erforderlich ist.</li>
</ol>
<ol start="9">
 	<li><u>Integrität und Vertraulichkeit:</u> Personenbezogene Daten werden in einer Weise behandelt, die eine angemessene Sicherheit der personenbezogenen Daten gewährleistet, einschließlich Schutz vor unbefugter oder unrechtmäßiger Verarbeitung und vor versehentlichem Verlust, Zerstörung oder Beschädigung durch die Anwendung geeigneter technischer oder organisatorischer Maßnahmen.</li>
</ol>
<ol start="10">
 	<li><u>Information und Schulung:</u> Einer der Schlüssel zum Schutz personenbezogener Daten ist die Schulung und Information des mit der Datenverarbeitung befassten Personals. Während des gesamten Informationslebenszyklus werden alle Mitarbeiter mit Zugriff auf die Daten entsprechend geschult und über ihre Pflichten hinsichtlich der Einhaltung der Datenschutzbestimmungen informiert.</li>
</ol>
</br>Die Datenschutzrichtlinie von <strong>AMARE TURISMO NAUTICO SL</strong> wird allen Mitarbeitern des für die Verarbeitung Verantwortlichen mitgeteilt und allen interessierten Parteien zur Verfügung gestellt.

Folglich gilt diese Datenschutzrichtlinie für das gesamte Personal des für die Verarbeitung Verantwortlichen. Dieses muss sie kennen und einhalten und sie als seine eigene betrachten. Jedes Mitglied ist dafür verantwortlich, die für seine Tätigkeit geltenden Datenschutzbestimmungen anzuwenden und zu überprüfen sowie alle Verbesserungsmöglichkeiten zu ermitteln und bereitzustellen, die es für angemessen hält, um eine hervorragende Einhaltung der Vorschriften zu erreichen.

Diese Richtlinie wird vom Management/Verwaltungsorgan von <strong>AMARE TURISMO NAUTICO SL</strong> so oft wie nötig überprüft, um sie jederzeit an die aktuellen Bestimmungen zum Schutz personenbezogener Daten anzupassen.								</div>
				</div>
					</div>
		</div>
					</div>
		</section>
				</div>

<p>UNSER ENGAGEMENT ZUM SCHUTZ PERSONENBEZOGENER DATEN: „INFORMIERTE MENSCHEN UND GESCHÜTZTE DATEN“ Die Geschäftsführung/das Leitungsorgan von AMARE TURISMO NAUTICO SL (nachfolgend „Verantwortlicher“) übernimmt die maximale Verantwortung und Verpflichtung für die Erstellung, Umsetzung und Aufrechterhaltung dieser Datenschutzrichtlinie und gewährleistet die kontinuierliche Verbesserung des Verantwortlichen mit dem Ziel, Spitzenleistungen in Bezug auf die Einhaltung der Verordnung (EU) 2016/679 [&hellip;]</p>
